
Suppose -5*y - 3 = 52. Let m = y - -17. What is the remainder when 5/((-3)/m + 1) is divided by 4?
2
Suppose -3*c + 12 = 3*v, 6*c = 3*c. Let o = v + 10. Let n(g) = g**3 + 6*g**2 + g + 6. Calculate the remainder when n(-5) is divided by o.
12
What is the remainder when -29*(3 - (9 - 4)) is divided by 20?
18
What is the remainder when (-17 + 37)*2/20*6 is divided by (1/(-1))/(2/(-14))?
5
Suppose -50 = -3*s + 70. What is the remainder when 5 is divided by (-1)/(-5) + 152/s?
1
Suppose 5*s + 35 = 2*a + 3*a, -4*s - 16 = -3*a. What is the remainder when 22 is divided by a?
10
Let l be (8/20)/((-2)/(-10)). Let v be 2*1/l + 2. Suppose -5*a = -5*j + 35, -47 = v*j - 8*j + a. Calculate the remainder when 19 is divided by j.
9
Let r(w) = -w + 2. Let b = 0 - -4. Let u = b + -3. Calculate the remainder when r(1) is divided by u.
0
Let i(q) be the first derivative of -q**4/4 - q**3 + q + 1. Let s be i(-2). Calculate the remainder when 23 is divided by (0 - 4/s)*9.
11
Suppose -2*d + 0*k - 3*k = -108, -3*k + 279 = 5*d. Let t be (-5)/(-15) + 232/6. Suppose t = 2*r - 19. What is the remainder when d is divided by r?
28
Suppose -g + 3*u + 5 = -16, -2*u - 104 = -4*g. Suppose 0 = 2*s - 3*s + g. What is the remainder when s is divided by ((-14)/(-3))/(2/6)?
13
Suppose -7*n + 9*n = 318. What is the remainder when n is divided by 16?
15
Suppose 0 = -5*s - 3*m - 4 + 69, 0 = 5*s + 4*m - 60. What is the remainder when 43 is divided by s?
11
Let n(r) be the second derivative of -r**5/20 + 2*r**4/3 - r**3 - 3*r. Let o(w) = 3*w - 1. What is the remainder when o(7) is divided by n(7)?
6
Suppose 0 = 5*g - 4*g. Suppose -93 = -5*w + p, 4*p - p + 9 = g. What is the remainder when w is divided by 4?
2
Let s = 6 - -15. What is the remainder when 55 is divided by s?
13
Let q(l) = l**3 - 33*l**2 + 63*l + 13. Calculate the remainder when 175 is divided by q(31).
43
Let v(l) = 7*l**2 - 3*l + 1. What is the remainder when v(2) is divided by 12?
11
Let f(d) = 4*d + 30. Let x(c) = 5*c**3 + c - 1. Calculate the remainder when x(1) is divided by f(-7).
1
Let c(x) = -x + 8. Calculate the remainder when 13 is divided by c(4).
1
Calculate the remainder when 0/(-2) - (-3 + -17) is divided by 11.
9
Suppose 2 = -18*m + 19*m. Suppose -4 = -6*q + m*q. What is the remainder when 3 is divided by q?
0
Calculate the remainder when 3 + (-20)/(-30)*(-234)/(-4) is divided by 12.
6
Let t = 123 + -80. Calculate the remainder when t is divided by 16.
11
Let l be 2/(-6) + (-4)/6. Let v(f) = -7*f**3 + f**2 - f - 1. What is the remainder when 1/((-5)/(-20)) - -18 is divided by v(l)?
6
Let c = 16 + -14. Suppose -99 = -3*l - w + 4*w, -l + 27 = c*w. What is the remainder when l is divided by 16?
15
Let g(i) be the third derivative of -i**4/3 - i**3 - 2*i**2. What is the remainder when g(-4) is divided by (-30)/(-2 - 1) - 1?
8
Let m = 35 - -2. Calculate the remainder when m is divided by 13.
11
Suppose -54 = -2*h - 12. Let d = 7 - -1. What is the remainder when h is divided by d?
5
Let q(a) = 11*a - 1. Let b be q(-1). Let g = 26 + b. Calculate the remainder when g is divided by 5.
4
Let l be -34*((-2)/4 + 0). Suppose -77 = -5*h + 2*o + 43, h + o - l = 0. Calculate the remainder when h is divided by 12.
10
Let c = 5 - 0. Suppose -c*y = -h - 94, -h + 52 = 2*y - 5*h. What is the remainder when 34 is divided by y?
16
Let s(d) = 6*d**3 - 6*d**2 - d - 4. What is the remainder when s(3) is divided by 26?
23
Let b(a) = a**3 + 2*a**2 - a + 2. Let d be b(-3). Let f be (1 - d)*(-2)/(-5). Suppose -f*r = 2*r - 56. What is the remainder when r is divided by 8?
6
Let f = 7 + 46. Suppose m = 4 + f. What is the remainder when m is divided by 12?
9
Let d(t) = t**3 - 10*t**2 + 2*t - 8. What is the remainder when 23 is divided by d(10)?
11
Let o be 11/7 + (-12)/21. Suppose -o - 65 = -3*k. What is the remainder when 64 is divided by k?
20
Suppose 5 = 3*q - 1. Suppose q*l + 3*p = 29, -25 = 2*p - 7*p. What is the remainder when 11 is divided by l?
4
Let t(c) = c**2 + 2*c - 9. Calculate the remainder when 46 is divided by t(-5).
4
Suppose -608 = -4*p + 4*c, p + 4*p - 774 = -2*c. Suppose 0 = -q - q + p. Calculate the remainder when q is divided by 20.
17
Suppose -p - 5*u = -30, -2*u - u = -5*p + 262. Suppose -3*k + 43 = 2*y, k = -2*k - y + 41. Calculate the remainder when p is divided by k.
11
Suppose 0 = -0*n - n + 49. What is the remainder when (-2)/8 - n/(-4) is divided by 7?
5
Let h = 218 + -96. What is the remainder when h is divided by 32?
26
Let h = 35 - 18. Let i = h - 13. What is the remainder when 11 is divided by i?
3
Let c(t) = -3*t - 13. Let s be (-11)/2 + 2/4. Calculate the remainder when s*(-1 + 33/(-5)) is divided by c(-11).
18
Let n = 85 + -76. Calculate the remainder when 35 is divided by n.
8
Suppose -5*j + 130 + 105 = 0. Calculate the remainder when j is divided by (-2)/(-3) - 46/(-3).
15
Suppose -4*c = -2*c - 16. Let a = c + -2. What is the remainder when 16 is divided by a?
4
Let f(k) = 2*k**2 + 3 + 0 + 6*k + k - k**2. Let x be f(-7). Suppose d - x*d + 12 = 0. Calculate the remainder when 9 is divided by d.
3
Let f(k) = -2*k**2 - 19*k + 33. Calculate the remainder when f(-10) is divided by 13/(-4)*(-3 - 1).
10
Let k = -13 + 26. Calculate the remainder when 49 is divided by k.
10
Let m = -9 - -16. Calculate the remainder when 12/((-6)/(-2) - 2) is divided by m.
5
Let f = 16 + 0. Let d = -61 - -92. What is the remainder when d is divided by f?
15
What is the remainder when 24 - 0*(-4)/(-8) is divided by 5?
4
What is the remainder when 71 is divided by 3 + -5 - -18 - -2?
17
Let c(b) be the third derivative of b**4/24 + 11*b**3/6 + 8*b**2. Let m = 5 - 14. What is the remainder when c(m) is divided by 1?
0
Suppose -5*o = -46 - 14. Suppose 23 = -a + 2*a. What is the remainder when a is divided by o?
11
Let y(j) = j**3 - 3*j**2 + 5*j - 11. Calculate the remainder when y(6) is divided by 32.
31
Calculate the remainder when (-3)/(3/2) - -26 is divided by (-28)/(-10) + -3 + 142/10.
10
What is the remainder when 1 - 1 - 1 - -56 is divided by 29?
26
Let q(o) = o**2 + 49. Suppose 2*w + 5 + 5 = 4*v, -4*w - 20 = 4*v. What is the remainder when q(v) is divided by 17?
15
Suppose 6*t - 155 = t. Calculate the remainder when t is divided by 8.
7
Suppose 0 = 2*c + 4*c - 78. Let j(f) = 4*f**2 + 5*f + 6. What is the remainder when j(-4) is divided by c?
11
Let t = 466 - 170. Suppose -4*b + 0*b = t. Let s = -51 - b. Calculate the remainder when s is divided by 6.
5
Let c be -1*-1*0/(-2). Suppose -4*d - w + 104 = 0, d - 4*w + 6 - 15 = c. What is the remainder when d is divided by 14?
11
Suppose c - 2*p - 17 = 0, -c + 2*p - 68 = -5*c. Calculate the remainder when 33 is divided by c.
16
Suppose l + 3*l + 12 = 0. Let t = 3 + l. Suppose -k + 1 + 8 = -c, t = 3*k - c - 17. Calculate the remainder when k is divided by 3.
1
Let b be 2*(2 + -2 - 1). Let r(v) = -v. Calculate the remainder when -4 + 4 + 1 + 3 is divided by r(b).
0
Let h(p) = -16*p - 6*p + 1 + 6*p. Calculate the remainder when (-6)/(-21) - 1002/(-21) is divided by h(-1).
14
Let r(q) = -q**3 + 3*q**2 + 2*q - 3. Let k = -9 - -5. Let b(w) = -w**3 - 5*w**2 - 4*w + 3. Let n be b(k). What is the remainder when 8 is divided by r(n)?
2
Suppose -4*w = 2*c - 0*c - 222, -c = 5*w - 126. What is the remainder when c is divided by 17?
16
Suppose 40 = 4*m - 2*m - 2*x, -2*x + 2 = 0. Calculate the remainder when 62 is divided by m.
20
Let w(b) = -b + 11. Calculate the remainder when 17 is divided by w(6).
2
What is the remainder when 7 is divided by 5/10*-10*-1?
2
Let v(j) = j**2 - 5*j - 9. Suppose -3*c = -3*d + 30, -c + 14 = -2*c + 2*d. What is the remainder when v(c) is divided by 20?
17
Suppose 0*h - 5*h = 0. Suppose h*y = -2*y + 16. Suppose -2*x + 4 = 2*i, 15 = 4*x - i - 2*i. What is the remainder when y is divided by x?
2
Suppose 23*m - 25*m + 52 = 0. Let a be (9/(-6))/((-6)/(-40)). What is the remainder when m is divided by ((-4)/a)/((-1)/(-35))?
12
Let a be (168/(-2))/(24/16). Let n(c) = -c**3 + 7*c**2 - 6*c - 7. Calculate the remainder when (a/20)/((-2)/35) is divided by n(5).
10
Let s = 26 - 21. Calculate the remainder when 18 is divided by s.
3
Let k(y) = 1 + 21*y + 0*y + 0*y. What is the remainder when k(2) is divided by 22?
21
Suppose -4*q + 580 - 216 = 0. Let c = -62 + q. What is the r